{"id":1134,"date":"2025-11-11T20:26:33","date_gmt":"2025-11-11T19:26:33","guid":{"rendered":"https:\/\/tpdeblin.pl\/?page_id=1134"},"modified":"2025-11-11T20:26:33","modified_gmt":"2025-11-11T19:26:33","slug":"odzyskanie-niepodleglosci-w-deblinie","status":"publish","type":"page","link":"https:\/\/tpdeblin.pl\/?page_id=1134","title":{"rendered":"Odzyskanie niepodleg\u0142o\u015bci w D\u0119blinie"},"content":{"rendered":"\n<p>Podczas I wojny \u015bwiatowej gmina Irena, do kt\u00f3rej nale\u017ca\u0142 D\u0119blin by\u0142a w strefie okupacji niemieckiej, powiecie garwoli\u0144skim. Przez lini\u0119 kolejow\u0105 bieg\u0142a&nbsp; granica mi\u0119dzy stref\u0105 okupacyjn\u0105 niemieck\u0105 i austriack\u0105. Przy obecnej ul. Towarowej znajdowa\u0142 si\u0119 dworzec \u201eaustriacki\u201d, dawny towarowy , a przy ul. Dworcowej dworzec \u201eniemiecki\u201d, obecnie osobowy.<\/p>\n\n\n\n<p>4 listopada 1918 roku nast\u0105pi\u0142o przej\u0119cie dworca \u201eaustriackiego\u201d przez cz\u0142onk\u00f3w Polskiej Organizacji Wojskowej. Ca\u0142e zdarzenie zosta\u0142o opisane w czasopi\u015bmie Dziennik Wieczorny nr 275 z 08 listopada 1918 r. w artykule \u201ePierwszym polskim poci\u0105giem do Krakowa\u201d.<\/p>\n\n\n\n<figure class=\"wp-block-image size-full\"><img loading=\"lazy\" decoding=\"async\" width=\"917\" height=\"160\" src=\"https:\/\/tpdeblin.pl\/wp-content\/uploads\/2025\/11\/obraz.png\" alt=\"\" class=\"wp-image-1135\" srcset=\"https:\/\/tpdeblin.pl\/wp-content\/uploads\/2025\/11\/obraz.png 917w, https:\/\/tpdeblin.pl\/wp-content\/uploads\/2025\/11\/obraz-300x52.png 300w, https:\/\/tpdeblin.pl\/wp-content\/uploads\/2025\/11\/obraz-768x134.png 768w\" sizes=\"auto, (max-width: 917px) 100vw, 917px\" \/><\/figure>\n\n\n\n<p>Po przybyciu na stacj\u0119 uzbrojonego oddzia\u0142u, pod dow\u00f3dztwem kpt. Niteckiego,&nbsp; austriacki komendant&nbsp; dosta\u0142 z Lublina telefoniczne rozkazy przekazania dworca Polakom. Ust\u0119puj\u0105cy \u017co\u0142nierze austriaccy, g\u0142\u00f3wnie Czesi i S\u0142owacy, zostali rozbrojeni, prowizoryczny drewniany dworzec obsadzono polsk\u0105&nbsp; za\u0142og\u0105. Na komendanta stacji &nbsp;powo\u0142ano kpt. Boles\u0142awa Studzi\u0144skiego ps. Bogdan Nitecki, delegowanego &nbsp;z Warszawy.&nbsp; Posterunki kolejowe przydzielono ludziom z polskiej si\u0142y zbrojnej oraz miejscowej stra\u017cy obywatelskiej.<\/p>\n\n\n\n<p>W tym czasie na terenie gminy Irena dzia\u0142a\u0142y&nbsp; dwie Polskie Organizacje Wojskowe, jedna w\u015br\u00f3d cz\u0142onk\u00f3w Ochotniczej Stra\u017cy Po\u017carnej w Irenie, a druga&nbsp; w \u015brodowisku kolejarzy.<a><\/a><\/p>\n\n\n\n<figure class=\"wp-block-image size-full\"><img loading=\"lazy\" decoding=\"async\" width=\"600\" height=\"381\" src=\"https:\/\/tpdeblin.pl\/wp-content\/uploads\/2025\/11\/obraz-1.png\" alt=\"\" class=\"wp-image-1136\" srcset=\"https:\/\/tpdeblin.pl\/wp-content\/uploads\/2025\/11\/obraz-1.png 600w, https:\/\/tpdeblin.pl\/wp-content\/uploads\/2025\/11\/obraz-1-300x191.png 300w\" sizes=\"auto, (max-width: 600px) 100vw, 600px\" \/><\/figure>\n\n\n\n<p>Link do czasopisma: <a href=\"https:\/\/crispa.uw.edu.pl\/object\/files\/151418\/display\/Default\">https:\/\/crispa.uw.edu.pl\/object\/files\/151418\/display\/Default<\/a><\/p>\n\n\n\n<p class=\"has-text-align-right\">Autor GSz<\/p>\n","protected":false},"excerpt":{"rendered":"<p>Podczas I wojny \u015bwiatowej gmina Irena, do kt\u00f3rej nale\u017ca\u0142 D\u0119blin by\u0142a w strefie okupacji niemieckiej, powiecie garwoli\u0144skim. Przez lini\u0119 kolejow\u0105 [&hellip;]<\/p>\n","protected":false},"author":1,"featured_media":1136,"parent":0,"menu_order":0,"comment_status":"closed","ping_status":"closed","template":"","meta":{"site-sidebar-layout":"default","site-content-layout":"","ast-site-content-layout":"default","site-content-style":"default","site-sidebar-style":"default","ast-global-header-display":"","ast-banner-title-visibility":"","ast-main-header-display":"","ast-hfb-above-header-display":"","ast-hfb-below-header-display":"","ast-hfb-mobile-header-display":"","site-post-title":"","ast-breadcrumbs-content":"","ast-featured-img":"","footer-sml-layout":"","ast-disable-related-posts":"","theme-transparent-header-meta":"","adv-header-id-meta":"","stick-header-meta":"","header-above-stick-meta":"","header-main-stick-meta":"","header-below-stick-meta":"","astra-migrate-meta-layouts":"default","ast-page-background-enabled":"default","ast-page-background-meta":{"desktop":{"background-color":"var(--ast-global-color-5)","background-image":"","background-repeat":"repeat","background-position":"center center","background-size":"auto","background-attachment":"scroll","background-type":"","background-media":"","overlay-type":"","overlay-color":"","overlay-opacity":"","overlay-gradient":""},"tablet":{"background-color":"","background-image":"","background-repeat":"repeat","background-position":"center center","background-size":"auto","background-attachment":"scroll","background-type":"","background-media":"","overlay-type":"","overlay-color":"","overlay-opacity":"","overlay-gradient":""},"mobile":{"background-color":"","background-image":"","background-repeat":"repeat","background-position":"center center","background-size":"auto","background-attachment":"scroll","background-type":"","background-media":"","overlay-type":"","overlay-color":"","overlay-opacity":"","overlay-gradient":""}},"ast-content-background-meta":{"desktop":{"background-color":"var(--ast-global-color-4)","background-image":"","background-repeat":"repeat","background-position":"center center","background-size":"auto","background-attachment":"scroll","background-type":"","background-media":"","overlay-type":"","overlay-color":"","overlay-opacity":"","overlay-gradient":""},"tablet":{"background-color":"var(--ast-global-color-4)","background-image":"","background-repeat":"repeat","background-position":"center center","background-size":"auto","background-attachment":"scroll","background-type":"","background-media":"","overlay-type":"","overlay-color":"","overlay-opacity":"","overlay-gradient":""},"mobile":{"background-color":"var(--ast-global-color-4)","background-image":"","background-repeat":"repeat","background-position":"center center","background-size":"auto","background-attachment":"scroll","background-type":"","background-media":"","overlay-type":"","overlay-color":"","overlay-opacity":"","overlay-gradient":""}},"footnotes":""},"class_list":["post-1134","page","type-page","status-publish","has-post-thumbnail","hentry"],"_links":{"self":[{"href":"https:\/\/tpdeblin.pl\/index.php?rest_route=\/wp\/v2\/pages\/1134","targetHints":{"allow":["GET"]}}],"collection":[{"href":"https:\/\/tpdeblin.pl\/index.php?rest_route=\/wp\/v2\/pages"}],"about":[{"href":"https:\/\/tpdeblin.pl\/index.php?rest_route=\/wp\/v2\/types\/page"}],"author":[{"embeddable":true,"href":"https:\/\/tpdeblin.pl\/index.php?rest_route=\/wp\/v2\/users\/1"}],"replies":[{"embeddable":true,"href":"https:\/\/tpdeblin.pl\/index.php?rest_route=%2Fwp%2Fv2%2Fcomments&post=1134"}],"version-history":[{"count":1,"href":"https:\/\/tpdeblin.pl\/index.php?rest_route=\/wp\/v2\/pages\/1134\/revisions"}],"predecessor-version":[{"id":1137,"href":"https:\/\/tpdeblin.pl\/index.php?rest_route=\/wp\/v2\/pages\/1134\/revisions\/1137"}],"wp:featuredmedia":[{"embeddable":true,"href":"https:\/\/tpdeblin.pl\/index.php?rest_route=\/wp\/v2\/media\/1136"}],"wp:attachment":[{"href":"https:\/\/tpdeblin.pl\/index.php?rest_route=%2Fwp%2Fv2%2Fmedia&parent=1134"}],"curies":[{"name":"wp","href":"https:\/\/api.w.org\/{rel}","templated":true}]}}