{"id":41,"date":"2024-12-02T09:47:48","date_gmt":"2024-12-02T08:47:48","guid":{"rendered":"http:\/\/tpdeblin.pl\/?page_id=41"},"modified":"2024-12-02T10:54:43","modified_gmt":"2024-12-02T09:54:43","slug":"kontakt","status":"publish","type":"page","link":"https:\/\/tpdeblin.pl\/?page_id=41","title":{"rendered":"Kontakt"},"content":{"rendered":"\n<p>Zapraszamy do kontaktu na adres: kontakt@tpdeblin.pl<\/p>\n\n\n\n<p>Historyczna Izba Regionalna<\/p>\n\n\n\n<p class=\"has-text-align-center\">Godziny otwarcia:<\/p>\n\n\n\n<p class=\"has-text-align-center\">Wtorek: 10:00 &#8211; 14:00<\/p>\n\n\n\n<p class=\"has-text-align-center\">\u015aroda 16:30 &#8211; 19:00<\/p>\n\n\n\n<p class=\"has-text-align-center\">Pierwsza niedziela miesi\u0105ca 10:00 &#8211; 14:00<\/p>\n\n\n\n<p>Istnieje mo\u017cliwo\u015b\u0107 zwiedzania na \u017cyczenie odwiedzaj\u0105cych po wcze\u015bniejszym ustaleniu terminu. <\/p>\n\n\n\n<p>Telefon kontaktowy: 695 063 249<\/p>\n","protected":false},"excerpt":{"rendered":"<p>Zapraszamy do kontaktu na adres: kontakt@tpdeblin.pl Historyczna Izba Regionalna Godziny otwarcia: Wtorek: 10:00 &#8211; 14:00 \u015aroda 16:30 &#8211; 19:00 Pierwsza [&hellip;]<\/p>\n","protected":false},"author":1,"featured_media":0,"parent":0,"menu_order":0,"comment_status":"closed","ping_status":"closed","template":"","meta":{"site-sidebar-layout":"default","site-content-layout":"","ast-site-content-layout":"default","site-content-style":"default","site-sidebar-style":"default","ast-global-header-display":"","ast-banner-title-visibility":"","ast-main-header-display":"","ast-hfb-above-header-display":"","ast-hfb-below-header-display":"","ast-hfb-mobile-header-display":"","site-post-title":"","ast-breadcrumbs-content":"","ast-featured-img":"","footer-sml-layout":"","ast-disable-related-posts":"","theme-transparent-header-meta":"","adv-header-id-meta":"","stick-header-meta":"","header-above-stick-meta":"","header-main-stick-meta":"","header-below-stick-meta":"","astra-migrate-meta-layouts":"default","ast-page-background-enabled":"default","ast-page-background-meta":{"desktop":{"background-color":"var(--ast-global-color-5)","background-image":"","background-repeat":"repeat","background-position":"center center","background-size":"auto","background-attachment":"scroll","background-type":"","background-media":"","overlay-type":"","overlay-color":"","overlay-opacity":"","overlay-gradient":""},"tablet":{"background-color":"","background-image":"","background-repeat":"repeat","background-position":"center center","background-size":"auto","background-attachment":"scroll","background-type":"","background-media":"","overlay-type":"","overlay-color":"","overlay-opacity":"","overlay-gradient":""},"mobile":{"background-color":"","background-image":"","background-repeat":"repeat","background-position":"center center","background-size":"auto","background-attachment":"scroll","background-type":"","background-media":"","overlay-type":"","overlay-color":"","overlay-opacity":"","overlay-gradient":""}},"ast-content-background-meta":{"desktop":{"background-color":"var(--ast-global-color-4)","background-image":"","background-repeat":"repeat","background-position":"center center","background-size":"auto","background-attachment":"scroll","background-type":"","background-media":"","overlay-type":"","overlay-color":"","overlay-opacity":"","overlay-gradient":""},"tablet":{"background-color":"var(--ast-global-color-4)","background-image":"","background-repeat":"repeat","background-position":"center center","background-size":"auto","background-attachment":"scroll","background-type":"","background-media":"","overlay-type":"","overlay-color":"","overlay-opacity":"","overlay-gradient":""},"mobile":{"background-color":"var(--ast-global-color-4)","background-image":"","background-repeat":"repeat","background-position":"center center","background-size":"auto","background-attachment":"scroll","background-type":"","background-media":"","overlay-type":"","overlay-color":"","overlay-opacity":"","overlay-gradient":""}},"footnotes":""},"class_list":["post-41","page","type-page","status-publish","hentry"],"_links":{"self":[{"href":"https:\/\/tpdeblin.pl\/index.php?rest_route=\/wp\/v2\/pages\/41","targetHints":{"allow":["GET"]}}],"collection":[{"href":"https:\/\/tpdeblin.pl\/index.php?rest_route=\/wp\/v2\/pages"}],"about":[{"href":"https:\/\/tpdeblin.pl\/index.php?rest_route=\/wp\/v2\/types\/page"}],"author":[{"embeddable":true,"href":"https:\/\/tpdeblin.pl\/index.php?rest_route=\/wp\/v2\/users\/1"}],"replies":[{"embeddable":true,"href":"https:\/\/tpdeblin.pl\/index.php?rest_route=%2Fwp%2Fv2%2Fcomments&post=41"}],"version-history":[{"count":2,"href":"https:\/\/tpdeblin.pl\/index.php?rest_route=\/wp\/v2\/pages\/41\/revisions"}],"predecessor-version":[{"id":58,"href":"https:\/\/tpdeblin.pl\/index.php?rest_route=\/wp\/v2\/pages\/41\/revisions\/58"}],"wp:attachment":[{"href":"https:\/\/tpdeblin.pl\/index.php?rest_route=%2Fwp%2Fv2%2Fmedia&parent=41"}],"curies":[{"name":"wp","href":"https:\/\/api.w.org\/{rel}","templated":true}]}}